on factor of r and v?
9
Let w(u) = 2*u**2 + 15*u + 8. Let g be w(-10). Calculate the highest common factor of 145 and g.
29
Suppose 48 = 2*o - g - 3*g, 3*o - 3*g - 78 = 0. What is the highest common divisor of o and 4?
4
Let c = -39 + 104. What is the greatest common divisor of c and 52?
13
Let t be 742/(-14) - 1/(-1). Let d be (-4)/(t/24 - -2). Calculate the highest common divisor of d and 24.
24
Let k = 32 - 18. Calculate the greatest common divisor of 7 and k.
7
Let q = 8 + -2. What is the highest common divisor of 42 and q?
6
Let w = 20 + -14. Calculate the greatest common divisor of w and 48.
6
Suppose 3*c - 5*u = 34, -3*c = -7*c - 5*u + 92. Let h be 100/36 + 4/c. Let y be (h/(-1))/((-1)/4). What is the highest common divisor of 12 and y?
12
Let f(y) = 2*y**2 + 8*y - 12. Let w be f(-7). Suppose -4*n + w = 2*x, -7 = -n + 4*x + 5. Let t = 3 - -1. Calculate the greatest common factor of n and t.
4
Suppose 3*h - 102 - 64 = -2*y, -4*h + 4*y + 228 = 0. Calculate the highest common factor of 140 and h.
28
Let t = 85 - 35. What is the highest common factor of 20 and t?
10
Let a = -160 - -102. Let r = 2 - a. Calculate the highest common divisor of r and 12.
12
Let c(v) = v**3 - 6*v**2 + 5*v + 1. Let o be c(5). Let u = 2 - o. Let m(f) = 9*f**2. Let w be m(u). What is the greatest common factor of w and 9?
9
Suppose -144 = -4*q - 2*f, q - 3*f = 6*q - 182. What is the greatest common factor of 119 and q?
17
Let y = -3 - -4. What is the greatest common divisor of 4 and y?
1
Let v(o) = -o - 5. Let w be (2/(-3))/((-1)/(-6)). Let f be v(w). Let k be (-2 + f)*-1*3. Calculate the highest common divisor of k and 18.
9
Let z(r) = 9*r - 3. Suppose 0 = 3*s + 2*s - 20. Suppose 3*v = -y + v, 0 = 5*y + s*v - 6. Let f be z(y). Calculate the highest common factor of 165 and f.
15
Let t = 31 - 11. What is the highest common divisor of 100 and t?
20
Let j be (3 - -53) + 1/(-1). Suppose -4*s + j + 13 = 0. What is the highest common factor of 187 and s?
17
Suppose j + 8 = 3*p, 4*p + j = 3*p. Let y be 845/30 + p/(-12). What is the greatest common divisor of 14 and y?
14
Suppose v = 5*v - 8. Let w(t) = -v*t**3 - 4 + t**3 - 5*t**2 + 12 + 3*t. Let i be w(-6). What is the highest common divisor of i and 65?
13
Suppose 479 - 1704 = -7*q. What is the greatest common divisor of q and 35?
35
Suppose -2*b - 3*b + 2*m - 42 = 0, 2*b - m + 16 = 0. Let o = b + 27. What is the highest common factor of o and 51?
17
Suppose 7*s - 722 = -232. Calculate the highest common divisor of s and 56.
14
Let u be 0 + 1 + -46 + 3. Let y be (u/(-24))/(1/4). Let g be 2/2 - -3*2. What is the highest common divisor of g and y?
7
Suppose 4*m = -2*j - 2*j - 28, j + 5 = 0. Let c(o) = 2*o**2 + 4*o + 2. Let x be c(m). Calculate the highest common factor of x and 14.
2
Suppose -4*a - u = -241, 6*a + 175 = 9*a - 5*u. Suppose 2*k - 5 - 25 = -2*p, -66 = -5*p - 2*k. What is the greatest common factor of a and p?
12
Let c be (-9)/6*2 + 10. What is the highest common factor of 49 and c?
7
Suppose -4*q = -8*q - 4. Let m be q - (200/(-2))/2. Suppose -5*n + f + 67 = -10, -m = -4*n + 5*f. What is the greatest common divisor of 24 and n?
8
Let r be 3 + (1 - 38)*-1. What is the highest common factor of 10 and r?
10
Let s(w) = w**3 - 4*w**2 + w + 3. Let z be s(4). Suppose 55 = 3*j + z. Suppose 2*b = -3*b - 25, 4*k + b = 187. What is the highest common divisor of j and k?
16
Suppose -r = -4*r + 12. Let c(p) = 5*p**2 - 5*p + 5. Let m be c(r). Calculate the greatest common factor of 26 and m.
13
Let z(l) = -2*l**2 + 18*l + 66. Let q be z(11). Calculate the greatest common factor of q and 11.
11
Let h be 34/187 + (537/11 - -2). What is the greatest common divisor of h and 68?
17
Suppose 5*d + 300 = 8*d. Suppose 5 = -2*a + 3*x, x - 12 - 18 = -5*a. Suppose -a*f + 0*f = -d. Calculate the highest common factor of 160 and f.
20
Let u = 94 - 40. Let r(k) = -k**3 + 5*k**2 - 4*k + 6. Let x be r(5). Let c = x + 20. What is the highest common divisor of c and u?
6
Suppose 5*q + 5 = -0. Let z be ((-13)/q)/((-4)/(-8)). What is the highest common divisor of z and 13?
13
Suppose -4*n = 2*v + 4 - 6, -3*n - 11 = -v. Let s be 1/(v/2)*5. Suppose s*d + 5*q = -9, 3*q + 0 + 3 = -2*d. Calculate the greatest common divisor of 27 and d.
3
Let q = -7 - -52. What is the greatest common factor of q and 360?
45
Let d(s) = -s + 16. Let x be d(11). Let r be (-8)/(x/((-30)/4)). Suppose 5*w - 36 = 24. Calculate the greatest common factor of w and r.
12
Suppose -283 = -2*p - 83. Calculate the highest common factor of 40 and p.
20
Suppose 2*j + 2 - 16 = 0. Let t = j + 1. Let y(l) = 5*l**2 - 3*l - 4. Let w be y(3). What is the greatest common factor of w and t?
8
Let p be (-8)/(-24) + (-650)/(-3). Calculate the highest common factor of p and 31.
31
Let q = -21 + 14. Let r(v) = -v**3 - 7*v**2 - 3*v - 9. Let l be r(q). Calculate the highest common divisor of 132 and l.
12
Let v(u) = 5*u**3 + u**2 - 1. Let i be v(1). Suppose -2*s - i = -19. Suppose -101 = -4*b + 95. What is the highest common factor of s and b?
7
Suppose g = 6*g - 25. Calculate the highest common divisor of g and 5.
5
Let j be (-15)/((-5)/2 - -1). Let p be -3 - -2*1/2. Let r be ((-5)/p)/((-2)/(-4)). What is the highest common factor of r and j?
5
Let k be (2/4)/(2/12). Suppose -b - k = -73. Suppose 4*i = 48 + 8. What is the greatest common divisor of i and b?
14
Let b(z) = -3*z**3 - 3*z**2 + 4*z + 4. Let m = -7 - -3. Let x be b(m). Calculate the greatest common factor of 12 and x.
12
Let s = 40 + 12. What is the highest common factor of 26 and s?
26
Let y(r) = -r**2 - 23*r + 34. Let i be y(-13). What is the highest common divisor of i and 41?
41
Suppose 4*f + 2*m = 6 + 48, 0 = f + 5*m - 36. Calculate the highest common divisor of 99 and f.
11
Let x be (-1)/(-2) - 92/(-8). Suppose -x = -0*y - 4*y. Calculate the highest common divisor of 6 and y.
3
Suppose -4*k + p = -175, -110 = -2*k - p - 3*p. Let z be 3/(-5) - (-688)/80. Let x be 6*(52/z - 4). Calculate the greatest common divisor of k and x.
15
Let q be (35/14)/(5/4). Suppose -2*d = -5*t + 21, t + q + 3 = 5*d. What is the highest common factor of 5 and d?
1
Let c(r) = -2*r + 6. Let d be c(4). Let h be (d - 0) + 3 - -83. Let p = 29 + -17. What is the highest common divisor of p and h?
12
Let g(z) = 16*z + 2. Suppose -6 = -x - 3. Suppose 5*w = -5*c, -3*w = 3*c + w + x. Let l be g(c). What is the highest common divisor of 10 and l?
10
Let j = -18 - -20. What is the greatest common divisor of 2 and j?
2
Suppose 4*s = -2*s + 420. Calculate the greatest common divisor of 7 and s.
7
Let f = -33 - -69. Calculate the highest common factor of f and 18.
18
Suppose -3*t = 14 - 329. Calculate the highest common divisor of t and 15.
15
Suppose -5*b = -5*s - 0*b + 20, -s = -2*b. Let p(v) = -v**3 - 2*v**2 - 2*v - 2. Let c be p(-2). What is the greatest common divisor of c and s?
2
Let l be (-140)/(-21)*6/5. Let i be (-3)/12 - (-122)/l. Suppose -7*u = -4*u + 3*m - i, -15 = 5*m. What is the greatest common factor of 88 and u?
8
Let p be 3*6/9*-2. Let x be (-2)/p - 9/(-6). Suppose z = -x*d + 6, 5*z - 3*d - 46 = 23. Calculate the greatest common factor of z and 12.
12
Let h = 4 - -29. Let z(r) = -r**3 + 17*r**2 - 15*r - 5. Let a be z(16). What is the greatest common factor of h and a?
11
Let f be ((-182)/6)/(-7)*6. Calculate the highest common divisor of 156 and f.
26
Let c be -9*((-6)/(-9) + -1). Suppose 0*k = c*k - 567. Suppose -45 = 2*i - k. What is the greatest common factor of 18 and i?
18
Let o(r) = r**2 - 3*r + 13. Let s be o(6). What is the highest common factor of s and 279?
31
Let s(j) = 3*j**2 - 9*j - 6. Let b be s(11). Let h = b - 178. Suppose h = 5*d + 10. Calculate the highest common divisor of 154 and d.
14
Let c = 10 + -4. Calculate the highest common factor of c and 24.
6
Suppose 3*w = 147 - 3. Let m(i) = i**3 + 4*i**2 - 4*i - 4. Let p be m(-4). Calculate the highest common divisor of w and p.
12
Let z(l) = 34*l**2. Let b be z(1). Let h = b + -18. Calculate the highest common factor of h and 2.
2
Let z(s) = s**2 - 2*s + 1. Let u be -4*3/(-8)*2. Suppose -m = u*m + 8. Let c be z(m). Calculate the greatest common factor of c and 72.
9
Let o be 0 - 1652/(-21) - 4/(-3). Suppose -6*g + 2*z = -3*g - 40, 0 = -5*g + z + 76. What is the highest commo